is the greatest common factor of 8618 and 30938?
62
Calculate the highest common divisor of 121613 and 31.
31
What is the highest common factor of 22100 and 800?
100
What is the highest common divisor of 46780 and 20?
20
Calculate the highest common factor of 192139 and 2439.
271
What is the greatest common factor of 552 and 3064?
8
Calculate the highest common divisor of 980860 and 60.
20
What is the greatest common factor of 150 and 800?
50
Calculate the highest common divisor of 81566 and 4.
2
Calculate the highest common divisor of 309 and 288503.
103
Calculate the greatest common divisor of 7 and 459893.
7
What is the greatest common factor of 22295 and 43680?
455
What is the highest common factor of 321759 and 9?
9
What is the highest common factor of 616 and 1290520?
616
What is the highest common factor of 506745 and 45?
45
Calculate the highest common divisor of 675 and 15300.
225
What is the highest common factor of 1431 and 837?
27
What is the highest common factor of 153979 and 14?
7
What is the greatest common factor of 1568267 and 34?
17
Calculate the greatest common factor of 2819422 and 4206.
1402
Calculate the highest common divisor of 20 and 404645.
5
Calculate the highest common factor of 1925550 and 1100.
550
Calculate the greatest common divisor of 96951 and 153.
51
What is the highest common divisor of 372 and 492?
12
What is the greatest common factor of 1707780 and 12?
12
What is the greatest common divisor of 216 and 47376?
72
What is the greatest common factor of 40018 and 154?
22
Calculate the highest common factor of 2196 and 4348629.
549
What is the greatest common factor of 2356 and 243998?
38
What is the greatest common factor of 7079 and 4?
1
Calculate the greatest common factor of 403473 and 63.
21
Calculate the highest common divisor of 327 and 184101.
327
What is the highest common factor of 30225 and 1860?
465
What is the highest common factor of 720353 and 74?
37
What is the highest common divisor of 948 and 1132149?
237
What is the greatest common divisor of 938898 and 378?
54
Calculate the highest common divisor of 885 and 31650.
15
Calculate the highest common divisor of 380 and 4000.
20
Calculate the highest common factor of 1341231 and 31095.
2073
Calculate the greatest common divisor of 452846 and 2584.
646
Calculate the highest common factor of 915 and 23241.
183
Calculate the highest common factor of 27 and 4256523.
27
Calculate the greatest common factor of 198 and 153846.
198
Calculate the highest common factor of 16459 and 16241.
109
Calculate the greatest common divisor of 5530 and 384730.
790
What is the greatest common divisor of 494 and 60648?
38
What is the highest common divisor of 234 and 190602?
18
Calculate the greatest common factor of 181427 and 419.
419
What is the greatest common factor of 144 and 521244?
36
What is the highest common factor of 834 and 61299?
417
Calculate the highest common divisor of 1376 and 7181344.
1376
Calculate the greatest common factor of 22520 and 40.
40
Calculate the greatest common factor of 4850 and 75.
25
What is the highest common divisor of 76 and 2873788?
76
What is the greatest common factor of 1680 and 280805?
35
Calculate the greatest common factor of 63081 and 163.
163
Calculate the highest common divisor of 15562 and 248.
62
Calculate the highest common factor of 325 and 5993.
13
What is the greatest common divisor of 191 and 147?
1
Calculate the highest common factor of 1971 and 4158.
27
Calculate the highest common factor of 252980 and 28210.
910
What is the highest common divisor of 17 and 8347?
17
What is the greatest common divisor of 450 and 260838?
18
What is the greatest common factor of 22665 and 75?
15
What is the highest common factor of 7052 and 5248?
164
What is the greatest common factor of 65 and 1976?
13
Calculate the highest common divisor of 374160 and 840.
120
What is the highest common divisor of 419286 and 18?
6
Calculate the greatest common factor of 39 and 3497.
13
What is the highest common factor of 6465 and 125?
5
Calculate the greatest common factor of 417830 and 35.
35
Calculate the greatest common factor of 2632 and 4512.
376
What is the greatest common divisor of 4364 and 388?
4
Calculate the highest common divisor of 80 and 3206480.
80
Calculate the highest common factor of 1067 and 89531.
97
Calculate the greatest common factor of 1302527 and 31.
31
What is the highest common factor of 18 and 1102257?
9
What is the greatest common factor of 171802 and 4238?
326
Calculate the highest common divisor of 1339 and 103927.
103
What is the greatest common divisor of 189 and 887481?
63
What is the greatest common factor of 3033492 and 737?
737
What is the greatest common divisor of 371833 and 2195?
439
What is the highest common divisor of 14461 and 5?
1
Calculate the greatest common divisor of 95504 and 80.
16
Calculate the greatest common divisor of 64 and 24528.
16
Calculate the greatest common factor of 130 and 9906.
26
Calculate the highest common divisor of 24 and 45992.
8
Calculate the highest common factor of 1515 and 30.
15
What is the greatest common divisor of 109116 and 252?
252
What is the highest common divisor of 476 and 159222?
238
What is the greatest common divisor of 201370 and 1170?
130
Calculate the highest common divisor of 286 and 14.
2
What is the highest common divisor of 12824 and 5954?
458
What is the greatest common divisor of 174 and 960886?
58
What is the greatest common divisor of 6169 and 19502?
199
What is the highest common divisor of 1551 and 22429?
11
Calculate the highest common factor of 33 and 430419.
33
Calculate the highest common divisor of 49491 and 144.
9
Calculate the greatest common factor of 496701 and 229.
229
Calculate the highest common factor of 856 and 2296.
8
Calculate the highest common divisor of 25344 and 24.
24
Calculate the highest common factor of 154 and 89852.
14
What is the highest common factor of 6985 and 275?
55
What is the highest common divisor of 18387 and 549?
9
What is the greatest common divisor of 416 and 5018?
26
What is the highest common divisor of 9300 and 313800?
300
What is the greatest common factor of 270 and 74457?
9
Calculate the highest common divisor of 184593 and 12543.
111
What is the greatest common divisor of 2743 and 52?
13
What is the highest common divisor of 35 and 135737?
7
What is the highest common factor of 1710 and 60078?
114
Calculate the greatest common divisor of 1188707 and 91.
13
Calculate the greatest common factor of 620 and 150660.
620
What is the greatest common divisor of 130 and 532506?
26
Calculate the highest common factor of 3302 and 11303.
127
Calculate the highest common factor of 836 and 52060.
76
What is the greatest common factor of 1141 and 3585022?
1141
Calculate the greatest common factor of 7792 and 1944.
8
Calculate the highest common factor of 34 and 1290742.
34
What is the highest common factor of 68094 and 1521?
117
What is the highest common factor of 20 and 108572?
4
Calculate the greatest common divisor of 120 and 1035.
15
What is the highest common divisor of 4703552 and 56?
56
What is the greatest common divisor of 38887 and 259?
37
What is the greatest common divisor of 30979 and 39?
13
What is the greatest common factor of 372 and 3678?
6
Calculate the greatest common factor of 3523 and 2981.
271
Calculate the highest common factor of 21 and 291039.
21
What is the highest common divisor of 12089 and 1540?
77
What is the greatest common factor of 6 and 16335?
3
Calculate the highest common divisor of 487 and 2389.
1
Calculate the highest common factor of 376 and 1040392.
376
Calculate the greatest common factor of 40 and 303320.
40
Calculate the greatest common divisor of 200 and 22944.
8
Calculate the highest common divisor of 651278 and 301.
43
Calculate the highest common divisor of 160 and 703616.
32
What is the greatest common divisor of 17520 and 1608555?
1095
What is the highest common divisor of 48 and 46620?
12
What is the greatest common factor of 767536 and 2464?
1232
What is the greatest common divisor of 19428 and 8?
4
What is the greatest common divisor of 455 and 875?
35
Calculate the greatest common divisor of 38794 and 14008.
34
What is the greatest common factor of 583 an